ve of -w**4/12 - 8*w**3/3 + 5032*w**2. Calculate t(-13).
10
Let c = 79 + -79. Suppose c = 12*o - 29 - 31. Let h(x) = x**3 - 5*x**2 - 2*x - 3. Calculate h(o).
-13
Let t(v) = -6*v - 39. Let h(d) = -2*d - 11. Let q(k) = 5*h(k) - 2*t(k). Give q(-15).
-7
Let z(m) = -5*m**2 + 42*m - 12. Let l(s) = -4*s**2 + 35*s - 11. Let b(k) = 6*l(k) - 5*z(k). Suppose -5*d = 0, 5*p + 5*d = p - 12. What is b(p)?
3
Let u(v) = 37*v - 43*v + 211 - 214. Let c(d) = -d**3 + 8*d**2 - 8*d + 5. Let o be c(7). Determine u(o).
9
Let x(f) = 330*f + 0*f**2 - 339*f + f**2 + 23 - 25. What is x(9)?
-2
Let k(j) = j**3 + 19*j**2 + 16*j - 33. Let h = 9265 + -9283. Give k(h).
3
Let g(s) = -s + 37. Let w(l) = -6*l**2 + 39*l + 108. Let o be w(8). Calculate g(o).
1
Let a(d) be the third derivative of d**6/120 - 5*d**5/12 + 14*d**4/3 + 22*d**3/3 - 2144*d**2. Give a(19).
6
Let g(z) = -z**3 + 7*z**2 - 7*z. Let i = 57 - 88. Let c(h) = -2*h - 57. Let v be c(i). What is g(v)?
15
Let h(q) = 148*q - 72*q + 6 - 3 - 78*q + 5*q**2. Determine h(4).
75
Let b(u) = -u**3 + 7*u**2 - u - 1. Let l(f) = 5*f - 23. Suppose 0 = 16*k - 3*k - 78. Let z be l(k). Determine b(z).
-8
Let g(w) = -w**3 + 4*w**2 + 27*w + 41. Let t be g(8). Let p(l) = 27*l**2 + 1. Determine p(t).
28
Let q(o) = o**3 - 6*o**2 + 5*o - 29. Let p be q(6). Suppose 0 = 2*z, 0*z + p = y + 3*z. Let w(j) = j - 2. Determine w(y).
-1
Let c(m) = -15*m**3 - m**2 - m - 1. Let o = 8783 + -8784. What is c(o)?
14
Let s(a) = -74*a - 252 + 128 + 81*a + 126 - a**2. Let z be (0 + 0)/(3 - 1). Let b = 5 - z. What is s(b)?
12
Let c(k) = 7*k**3 - 22*k**2 + 2*k - 33. Let a(i) = -19*i**3 + 65*i**2 - 5*i + 100. Let h(j) = -4*a(j) - 11*c(j). Give h(-18).
-1
Let f(o) be the third derivative of -o**4/12 + 8*o**3/3 - 35*o**2. Let c = -7 + 13. Let j be f(c). Let l(t) = t**3 - 3*t**2 - t - 2. Determine l(j).
10
Suppose -64*f - 270 = -91*f. Let y(m) = -m + m**3 - m + 0*m**3 - 7*m + f*m + 13*m**2 + 14. Let n = -7 - 6. Determine y(n).
1
Let j(p) = p**3 - 3*p**2 - 12*p - 12. Let f(t) be the first derivative of t**4/2 - 7*t**3/3 - 23*t**2/2 - 23*t + 44. Let z(u) = -4*f(u) + 7*j(u). What is z(8)?
8
Suppose -2*s - 3*s - 219 = -3*b, 0 = 2*s + 5*b + 69. Let j = s + 34. Let m(q) = -q**2 - 3*q + 9. Let y(k) = -k - 1. Let d(z) = m(z) + 6*y(z). Give d(j).
11
Let z(c) = -2*c - 12. Suppose 138*g = 128*g + 600. Suppose f - 7*f - g = 0. What is z(f)?
8
Let i(v) = -8*v**2 - 4*v - 49. Let o(l) = 6*l**2 + 3*l + 39. Let f(h) = 4*i(h) + 5*o(h). Calculate f(-2).
-7
Let x(v) = v + 13. Let y be (4/(-6))/(364/4914). Give x(y).
4
Let y = 270 - 270. Let m be y + ((-4)/(-6))/((-6)/54). Let d(p) be the third derivative of -p**6/120 - p**5/10 + p**3/3 - p**2. Give d(m).
2
Let m = -110 - -122. Let i be -1 + (-4)/m*-9. Let h(b) = -1 + b + 2*b - 2. What is h(i)?
3
Let i(s) be the third derivative of -s**5/15 + 23*s**4/8 - 11*s**3/3 + 2288*s**2. Determine i(17).
-5
Let l be (28 + -26)*(8/28 + 124/56). Let v(f) = -12 - f**2 + 4*f + 17 + 3*f - 5*f. Give v(l).
-10
Let t(s) = -5*s + 3. Let n = -118 - 8. Let v be -2 - (2/(-6))/((-6)/n). Suppose v*g - 5*y = -10, 2*g + 1 = -g + 2*y. Calculate t(g).
-12
Suppose -1001 = -28*a + 119*a. Let f(h) = -h**3 - 11*h**2 - 4*h + 14. Give f(a).
58
Let t(s) be the first derivative of 5*s**2/2 + 31*s + 2415. Give t(-18).
-59
Let c = 30 + -25. Let l(j) = c - 3*j - 5 + 4. Let g(t) = t**3 + t**2 - 2*t + 5. Let k be g(0). Give l(k).
-11
Let i(o) = 49*o - 162. Let k(v) = 175*v - 647. Let s(a) = -11*i(a) + 3*k(a). Determine s(-11).
-5
Suppose b - 2*b = 3*b. Suppose b = 4*i + 3*l + 1, -13*i = -15*i + 3*l - 23. Let v(y) = y**2 - y - 1. Let z(k) = k. Let s(w) = -v(w) - 2*z(w). Determine s(i).
-11
Let w(q) = 463*q + 6483. Let j be w(-14). Let i(a) be the first derivative of j + 2/3*a**3 - 4*a**2 - 5*a. What is i(6)?
19
Let i(m) = -m**3 + 4*m**2 + 2*m - 4. Let y be -3*(-7 - (-1 - 5)). Let a be i(y). Let b(v) = v**2 - 9*v - 22. What is b(a)?
0
Let w(c) = 2509*c + 11 - 7 + 1 - 6*c**2 - c**3 - 2512*c. Let b be (-4 - -7)*5/(-3). What is w(b)?
-5
Let g = -165 - -152. Let v = g + 10. Let y(a) be the third derivative of a**5/30 - a**3/3 + 11*a**2. Determine y(v).
16
Let z = -521 + 522. Let c(r) be the first derivative of r**3 + r**2/2 + 13. Calculate c(z).
4
Let w(c) = -12*c - 152. Let i(d) = 8*d + 108. Let s(v) = -7*i(v) - 5*w(v). Calculate s(-8).
-28
Suppose -44*q - 161 = -44 + 59. Let y(r) = r**2 + 4*r - 3. Give y(q).
-3
Let d(t) = 28*t**2 - 28*t + 118. Let q(o) = 3*o**2 - o + 8. Let i(c) = -d(c) + 9*q(c). Calculate i(17).
-12
Let h(a) = -2*a**2 - 16*a - 9. Let t(j) = -j**3 - j**2 + 9*j - 8. Let b be t(0). Give h(b).
-9
Let y(c) = 28*c**2 - 13 + 5 - c**3 + 5 - 4 + 3. Calculate y(28).
-4
Let k(j) = -j**3 - 10*j**2 + 10*j - 13. Suppose 13*u - 1740 = 3*u. Let h = u + -185. What is k(h)?
-2
Suppose 171*w - 399 + 154 - 439 = 0. Let k(o) = o**3 - 7*o**2 - 2*o + 31. What is k(w)?
-25
Let f(y) = -y - 1. Let q(z) = -10*z - 8. Let c(a) = 3*f(a) - q(a). Let n(u) = 22*u - 2 + 16*u - 62*u + 25*u. Let i(x) = -c(x) - 2*n(x). Give i(-2).
17
Let j(z) = 6*z + 9. Let v(g) = -g**2 + 13*g - 33. Let s be v(7). Suppose -48 = s*p + 6. Give j(p).
-27
Suppose 0 = m - 111 + 109. Suppose m*h - 35 = -5*d, 5*d = 26*h - 31*h + 20. Let l(o) = o**3 - 9*o**2 + 5*o - 5. What is l(d)?
40
Suppose 0 = 3*y - 102 - 885. Let t(d) = -323*d + 653*d + 19 - y*d. Give t(-15).
4
Suppose -29*k - 429 = -62*k. Let h(j) = -11 + 2*j + k - 12. Calculate h(8).
6
Suppose l - 87 - 53 = o, 3*o - 260 = -2*l. Let a = l - 138. Let u(q) = -q**2 - 2*q - 3. Give u(a).
-3
Let u be 61 - ((-7)/(-6) + 2/(-12)). Let v = 65 - u. Let n(b) = -5*b**2 - b**3 + 4 + 3*b + b**2 + 4*b - v*b. What is n(-3)?
-11
Let x(g) = 0*g - g**2 - 4*g - 157 + 157. Suppose 0 = 10*y - 14*y - 20. Give x(y).
-5
Suppose 18*g - 4*y - 8 = 15*g, -5*y - 10 = 2*g. Let u(p) = -2 + p + 250*p**2 - 250*p**2 + p**3. Determine u(g).
-2
Let t(a) = 3*a**3 + 9*a**2 + 10*a + 172. Let d(g) = -26*g**3 - 72*g**2 - 82*g - 1375. Let k(l) = 2*d(l) + 17*t(l). Calculate k(11).
-2
Let x(h) be the first derivative of h**3/3 + 8*h**2 + 14*h + 2864. Give x(-14).
-14
Let z(o) = -2*o**2 - 5*o + 162. Suppose 0 = 3*i - u - 25, 4*i + 3*u - 464 + 435 = 0. Calculate z(i).
-6
Let t be (2/(-5))/(4*6/(-120)). Let q(d) = 5 - 6*d**t + 12*d**2 - 6*d - 7*d**2. Suppose 5*r = -0*r - 35. Determine q(r).
-2
Let p(k) be the second derivative of -k**7/1260 + k**6/720 + k**5/60 + k**4/6 - 3*k**2/2 + 2*k - 13. Let h(j) be the third derivative of p(j). What is h(3)?
-13
Suppose -57*r + 63*r = -30. Let v(c) be the second derivative of -c**4/6 - c**3 + 7*c**2/2 - 13*c. Calculate v(r).
-13
Let c(j) = j. Let a(o) = -20*o + 4. Let i(z) = a(z) + 8*c(z). Give i(2).
-20
Suppose 0 = 2*u + 3*h - 21, -51*u + 9 = -50*u + 3*h. Let w(j) = 708*j**2 + 8*j + u - 715*j**2 + j - j**3. What is w(-8)?
4
Let i(q) = q**2 + q - 2. Let v = -6000 - -6006. Determine i(v).
40
Let m be -8 - 81/9 - ((-6)/3 - -1). Let u(c) = c**2 + 10*c + 23. Give u(m).
119
Let y(p) = -p**3 + p - 2. Let x be y(-2). Let i(z) = -z**2 + 2*z - 3. Let d(c) = 4*c - 8*c**2 - 9 + 5*c**2 + c. Let g(o) = 2*d(o) - 7*i(o). Calculate g(x).
3
Let l(c) = c - 8. Let o = 79 - 88. Let p be -1*(8/(-12) + 1)*o. Suppose 3*d = -4*q + 32, -p*q + 4*d = d - 24. Determine l(q).
0
Let h(v) = -2*v - 2. Let p(c) = 2*c - 8. Let s(z) = -z**3 + 8*z**2 + z - 9. Let l be s(8). Let n(g) = l*p(g) - 2*h(g). Let o = 9 - 17. Calculate n(o).
-4
Let n = 5 - 6. Let j(v) = 2*v**2 - 5905748*v**3 + 5905757*v**3 - 2 - v + 0*v**2. Determine j(n).
-8
Let c(f) = -11*f**3 - f**2 + 1. Suppose 26*q = 39*q - 2015. Let o = q + -154. Calculate c(o).
-11
Let d(z) = z**2 + 1. Let y be (-1)/((-4)/(-16)) + (13 - 4). Suppose -5 = 3*q + 1, -q = -y*m - 3. Calculate d(m).
2
Let u(j) = -j**2 - 6*j + 21. Let h be u(-7). Let z be 66/(-77)*h/(-3). Suppose -s = -3, -3*o + 4 + 5 = z*s. Let l(r) = 14*r + 1. Calculate l(o).
-13
Let x(g) be the third derivative of 11*g**4/24 - g**3/6 + g**2 + 956. Give x(-2).
-23
Let h(y) = 3*y**2 + 4*y - 2. Let k(j) = j**2 - j. Let w(c) = h(c) + 2*k(c). Suppose -51 = 226*q - 223*q - 5*l, -5*q + 5*l = 55. Determine w(q).
14
Suppose 2*p + 3*f = 3, 5*p + 67 = -3*f + 97. Let w(j) be the first derivative of 1/3*j**3 - p + 5/2*j**2 + 0*j. Give w(-3).
-6
Let b(d) = 11*d**3 - d + 1 - 33*d**3 - 8*d**2 + 21*d**3. Let z(a)